*j**4/12 + 15*j**3/2 - 9*j**2/2 + 26*j. Let d be i(7). What is the highest common factor of 30 and d?
6
Suppose 0 = -115*b + 94453 + 20547. Calculate the greatest common factor of b and 680.
40
Let f = -408 + 1200. Suppose f = 19*g + 3*g. Calculate the highest common factor of 270 and g.
18
Let u = 78 - 71. Let k be 9/(-24)*(-56)/u. Suppose 0 = 4*j - 8*j + 108. What is the greatest common factor of j and k?
3
Suppose 0 = -3*h - 6, 4*h + 4 - 308 = 4*r. Let s = -46 - r. Let k = 438 - 390. What is the highest common factor of k and s?
16
Suppose 65 = 4*w - 3*w. Let h be (-443)/2658 + 626/12. Calculate the highest common factor of w and h.
13
Let l be -63*(-3 - (-21)/9). Let i = 2 + -2. Let r = 14 - i. Calculate the highest common factor of l and r.
14
Suppose 27*h - 5112 = -2864 + 6338. Calculate the highest common divisor of h and 795.
159
Let o be 39*(-8 - 434/(-42)). Let q(g) = -g**3 + 5*g**2 + 7*g + 7. Let w = 12 - 6. Let l be q(w). Calculate the highest common divisor of o and l.
13
Let w be 4*((-90)/8)/(-5). Let u(i) = -36*i**2 + 400*i + 43. Let l be u(11). Calculate the highest common divisor of l and w.
3
Let r be (4/(-1) - -12) + -5 + 1. Let m be r/(-10) + (-187)/(-55). Calculate the greatest common divisor of 3 and m.
3
Let y(r) be the first derivative of -126*r**2 - 54*r - 294. Let v be y(-4). What is the highest common divisor of v and 18?
18
Let o = 99 + -97. Suppose -l + o*l - 2 = 0. Let u be (-3)/9 - 98/(-6). Calculate the greatest common factor of l and u.
2
Let m = -294 - -297. Suppose 14*z - 5*d + 364 = 16*z, 571 = m*z - 5*d. Calculate the greatest common factor of z and 11.
11
Let m(w) = -w**2 - 22*w - 14. Let j be m(-6). Let z be ((-102)/(-85))/(2/205). Calculate the greatest common factor of z and j.
41
Suppose -5*v - 1384 = -4*a, 5*v + 12 = 2*v. Let u be -31*-1*(-1 + 2). Calculate the greatest common factor of a and u.
31
Suppose 68*g = -33*g + 39*g + 66464. Calculate the highest common factor of 7102 and g.
134
Suppose 4*z - 3*p = 109, -3*z + 0*p + 60 = 5*p. Let d = z - 24. What is the highest common divisor of 19 and d?
1
Let u be ((-7)/(-14))/(2/(-152)). Let j = u + 42. Suppose -2*b - 3*x = -63, -3*x = -j*b + 98 + 55. Calculate the highest common divisor of 18 and b.
18
Suppose -z - 4*r = -6328, 2*z - 2*r + 25368 = 6*z. Calculate the highest common factor of z and 8.
8
Let m = -5 + 88. Let v(u) = m*u**2 - 80*u**2 - 1 + 4*u + 0*u + 3. Let r be v(-1). What is the highest common factor of 3 and r?
1
Suppose 12*l + 1520 = 4556. Suppose 3*c + 64 - l = 0. Calculate the greatest common factor of c and 9.
9
Let u(n) = -2*n**3 - 7*n**2 + 2. Let k be u(-4). Calculate the greatest common factor of 882 and k.
18
Let x(a) = -1. Let h(l) = -2*l + 14. Let f(t) = -h(t) - 8*x(t). Let g be f(4). Let s be g/(2/(-8)*(-8)/11). What is the greatest common factor of s and 1?
1
Let l be ((-260)/(-3))/(-5)*-3. Let q = 9458 - 9406. What is the greatest common divisor of q and l?
52
Let w = -9 - -19. Let f = -69356 - -69511. What is the greatest common divisor of f and w?
5
Let s be (6/(-9) - 0)*(51 - 117). What is the greatest common divisor of s and 1760?
44
Let c(k) = k**2 - 1. Let y be c(2). Let j be (-9 - (-101 + 11))*(1 - 0). What is the highest common divisor of j and y?
3
Let l = -10072 - -10084. Calculate the highest common divisor of l and 486.
6
Let l be 2 + (-284 + -2)/(-2). Let k = l + -77. Suppose 0 = p - 5*p + k. Calculate the greatest common factor of 153 and p.
17
Let h = 28 - 26. Let n be (-6 + 8)/(h*-1) - -4. Suppose -n*p - 2 = -5*p. Calculate the greatest common divisor of p and 9.
1
Suppose -25*n + 281750 = 26*n + 74*n. Calculate the highest common divisor of n and 230.
46
Suppose -11*i + 6470 = -1109. Calculate the greatest common factor of 26 and i.
13
Suppose -4*h + 18*k + 2390 = 0, 16*h = 13*h + 2*k + 1827. What is the greatest common divisor of h and 1081?
47
Let u be (664 + 2)*20/640*48. Calculate the highest common divisor of 888 and u.
111
Suppose -z + 64 = -2*a, z - 23 - 35 = -4*a. Calculate the highest common factor of z and 8401.
31
Let k(y) = y**3 + 12*y**2 + 19. Let v be k(-12). Suppose -13 = z - v. Let s be (-4 - (-9)/z)*4/(-2). What is the highest common divisor of 25 and s?
5
Let c be 4*(-3)/(-12)*1. Let d be (12 - 2) + c + -2. Let a(v) = 10*v**3 + 4*v**2 - 10*v + 14. Let o be a(2). What is the highest common factor of d and o?
9
Let c(k) = 4*k**2 - 3*k + 3. Let d be c(-6). Calculate the greatest common factor of d and 396.
33
Let s be (275*5/10)/(1/(-4)). Let t = -319 - s. Let h = 92 + -71. What is the highest common divisor of h and t?
21
Suppose -62*n + 46*n = -288. Let k(m) = 162*m**3 + m - 1. Let c be k(1). What is the greatest common divisor of c and n?
18
Let t be 1/12 + 383/12. Let c(q) = q**3 - 31*q**2 - 9*q - 24. Let i be c(t). What is the greatest common factor of i and 89?
89
Let o = -165 + -170. Let x = o + 439. What is the greatest common divisor of 65 and x?
13
Let v be 2/(-25) - (-7838336)/7325. What is the greatest common divisor of v and 30?
10
Suppose -v + 67 + 8 = 0. Let m be ((-104)/130)/((-2)/v*3). What is the greatest common factor of m and 310?
10
Suppose -24*l + 26556 = -10*l + 838. Calculate the greatest common divisor of 121 and l.
11
Let s(r) = -2*r + 3. Let b be s(-3). Suppose z = b + 18. Let u = 106266 + -106263. Calculate the highest common divisor of u and z.
3
Suppose 0 = -2*t - 6. Let k be t - ((-134 - 3) + 2). Let g = -5133 - -5221. Calculate the greatest common factor of k and g.
44
Let f = 59 + 259. Let i = -300 + f. Calculate the highest common divisor of i and 3.
3
Let z = -180 + 144. Let n = z + 39. Suppose 187 = 4*a - n*a + j, a - 5*j = 187. What is the greatest common divisor of 17 and a?
17
Let f(b) = 79*b**2 + 7*b**2 - 4 + 5*b + 42*b**2 - 14*b**2. Let u be f(-2). Calculate the greatest common divisor of u and 34.
34
Let j = -493 + 90. Let l = 583 + j. Calculate the highest common factor of l and 20.
20
Suppose 49 = 21*t - 14*t. Let k(z) = 2*z**2 - 2*z - 52. Let r be k(t). What is the greatest common divisor of 32 and r?
32
Let g = 27 - 24. Suppose z - g*k - 11 = -3*z, 2 = -2*k. Suppose 25 = z*d + 9. Calculate the greatest common factor of d and 32.
8
Suppose 7*l - 29 = 13. Suppose -u - 5*t = -45, 5*u + t - l*t = 225. Let c = -234 + 261. What is the greatest common factor of c and u?
9
Suppose -d + p = -9906, p - 12107 = -4*d + 27487. What is the greatest common divisor of d and 44?
44
Suppose q - 27 = -0*q + 5*c, 0 = 4*q + 3*c + 7. Suppose 0 = -q*r - 3*r + 405. Calculate the highest common factor of 36 and r.
9
Let g(q) = -7*q + 51. Let j be g(7). Suppose 1 = -r, 3*r = j*u - 172 - 11. What is the greatest common divisor of u and 18?
18
Suppose 24*g + 1769 = 53*g. Let l be (485/(-3) + -1)/((-5)/15). Calculate the greatest common factor of g and l.
61
Let n be ((-52)/8 - -6)*-6. Suppose 3*u + 3*s - 234 = 0, 0 = -s - 2*s - 9. What is the highest common divisor of n and u?
3
Let d be (-22)/6 + (-13)/39. Let g be (d - -2)*(-5 + -1). Suppose 26*t + 28*t - 5832 = 0. Calculate the greatest common factor of t and g.
12
Suppose -5*y - i = 1160, -4*y + 2*y - 487 = 5*i. Let d = y + 251. Calculate the greatest common factor of 960 and d.
20
Let i(c) = c**3 - 119*c**2 - 1246*c - 5163. Let q be i(129). Let s(k) = -4*k - 1. Let u be s(-5). What is the greatest common factor of u and q?
19
Let k(y) = -y**3 + 6*y**2 - 48*y - 91. Let f be k(-8). Calculate the greatest common factor of f and 164.
41
Suppose -4*g = -3*g - 5. Let u = g - -9. Let l = -12 + u. Calculate the greatest common factor of 3 and l.
1
Let f(w) = -48 + 534*w - 269*w - 274*w. Let j be f(-15). Calculate the greatest common factor of j and 348.
87
Let m = -30 + 43. Suppose 0 = m*i - 10*i - 9. Let p be i + (-1)/(-3) + (-508)/(-6). What is the highest common divisor of 8 and p?
8
Suppose -3*o + 84 = 4*b, -3 = -b + 3*o + 3. Suppose 5*a = -j - j + 380, 4*a + 884 = 5*j. Suppose -j = g - 3*g. Calculate the highest common factor of b and g.
18
Let x = -10174 + 11595. What is the highest common divisor of 1624 and x?
203
Let c = 12 + -1. Let t(p) = -10 + 40 - 18 - 14 - p**3 - c*p**2 + 11*p. Let o be t(-12). What is the greatest common divisor of 50 and o?
10
Suppose 47*s + j = 44*s + 3898, -5*s + 6478 = -3*j. Calculate the 